11) in base 16?
-70e
2542 (base 6) to base 12
452
What is -35 (base 11) in base 3?
-1102
Convert -11010101100001 (base 2) to base 16.
-3561
Convert -46a0 (base 13) to base 9.
-14555
Convert -41 (base 8) to base 14.
-25
11442 (base 6) to base 15
772
Convert 2055 (base 6) to base 13.
29c
Convert -22210 (base 7) to base 4.
-1113121
-36b (base 13) to base 11
-4a2
What is -3 (base 7) in base 2?
-11
What is -123300 (base 4) in base 8?
-3360
-122223 (base 4) to base 12
-ba3
Convert 23575 (base 9) to base 10.
15782
What is 13022 (base 4) in base 10?
458
Convert -877 (base 15) to base 13.
-b41
Convert 146544 (base 7) to base 15.
87b6
-3858 (base 13) to base 8
-17520
-24142 (base 7) to base 13
-2b00
What is -20311 (base 4) in base 7?
-1435
-1c18 (base 15) to base 4
-1133102
Convert -11210021 (base 4) to base 2.
-101100100001001
1b (base 16) to base 2
11011
Convert 1041 (base 8) to base 6.
2305
Convert -4043 (base 5) to base 15.
-24d
-2021 (base 6) to base 10
-445
6548 (base 11) to base 8
20703
What is -4516 (base 13) in base 14?
-3736
b0a (base 15) to base 4
212311
-560 (base 9) to base 4
-13023
-251 (base 9) to base 13
-130
Convert 6082 (base 9) to base 13.
2042
Convert 1310122 (base 4) to base 6.
54254
What is 7446 (base 14) in base 7?
112316
Convert -1673 (base 13) to base 7.
-12431
-2421 (base 5) to base 6
-1401
-1556 (base 9) to base 7
-3312
14215 (base 8) to base 11
47a4
-100001101111 (base 2) to base 7
-6203
What is 11001101011 (base 2) in base 6?
11335
What is 2104332 (base 5) in base 3?
1202222002
Convert 10a (base 14) to base 8.
316
What is 1210202 (base 3) in base 10?
1316
Convert 83 (base 11) to base 12.
77
-1101100100 (base 2) to base 7
-2350
Convert -487 (base 9) to base 16.
-193
What is 1a18 (base 12) in base 13?
15b3
Convert 15434 (base 6) to base 7.
10261
-100100001 (base 2) to base 3
-101201
Convert -23142 (base 6) to base 5.
-101202
What is 158 (base 11) in base 15?
c4
Convert -583d (base 14) to base 13.
-6ca3
Convert -15536 (base 7) to base 14.
-1856
Convert 11011010100 (base 2) to base 6.
12032
-434343 (base 5) to base 2
-11101001111101
Convert -978 (base 12) to base 4.
-111230
-43445 (base 6) to base 13
-296c
What is 16113 (base 7) in base 5?
121033
-536 (base 8) to base 5
-2400
What is 523 (base 8) in base 7?
663
Convert -3077 (base 15) to base 5.
-311422
-22121013 (base 4) to base 16
-a647
-894 (base 13) to base 11
-111a
What is -959 (base 15) in base 5?
-31414
3010 (base 4) to base 7
400
What is 25b32 (base 12) in base 2?
1100101000010110
What is 20201 (base 4) in base 15?
265
Convert 1210121101 (base 3) to base 6.
432014
What is 104651 (base 7) in base 6?
221405
-20300020 (base 4) to base 15
-a94d
-819c (base 16) to base 4
-20012130
What is 4401 (base 8) in base 2?
100100000001
Convert 11201212 (base 3) to base 10.
3452
What is -102002210 (base 3) in base 10?
-8094
What is 4564 (base 9) in base 4?
310303
Convert 3100 (base 5) to base 12.
294
a63 (base 15) to base 12
1433
What is -493 (base 14) in base 4?
-32101
What is 837 (base 10) in base 13?
4c5
Convert -598 (base 13) to base 4.
-33022
What is 5dc9 (base 15) in base 13?
9138
c07 (base 13) to base 4
133303
231 (base 13) to base 15
1a3
-1111212221 (base 3) to base 9
-44787
Convert -100001011100 (base 2) to base 12.
-12a4
-151 (base 10) to base 8
-227
421 (base 6) to base 12
111
What is 201100211 (base 3) in base 9?
21324
-525 (base 12) to base 5
-10444
Convert -21224 (base 5) to base 8.
-2637
What is -2230323 (base 4) in base 14?
-4067
What is 3214 (base 6) in base 4?
23122
Convert 775 (base 10) to base 12.
547
What is -37827 (base 11) in base 2?
-1101001111011101
What is -1194 (base 10) in base 8?
-2252
Convert 3735 (base 8) to base 5.
31023
Convert 4830 (base 9) to base 7.
13320
-2110212 (base 4) to base 2
-10010100100110
What is -111 (base 12) in base 4?
-2131
6a42 (base 12) to base 6
130522
Convert 1101101000 (base 2) to base 6.
4012
57d (base 16) to base 14
725
-33350 (base 6) to base 9
-6363
What is 3243443 (base 5) in base 4?
31230323
Convert 23552 (base 7) to base 15.
1c28
Convert -313e (base 16) to base 13.
-5979
Convert 134410 (base 7) to base 15.
78aa
4294 (base 12) to base 9
11024
What is 100121001 (base 3) in base 4?
1231102
What is -352 (base 8) in base 5?
-1414
What is 17727 (base 10) in base 7?
102453
What is 317 (base 16) in base 15?
37b
What is -1000111100101 (base 2) in base 16?
-11e5
What is 137 (base 8) in base 16?
5f
Convert -10a8b (base 14) to base 7.
-226034
What is 32a7 (base 16) in base 15?
3c97
Convert -78d2 (base 14) to base 12.
-10168
What is 100 (base 10) in base 11?
91
What is 26ef (base 16) in base 14?
38bd
What is -10b9 (base 12) in base 3?
-2120020
Convert 20e (base 16) to base 8.
1016
What is 111100010011 (base 2) in base 14?
1599
What is -1230 (base 5) in base 15?
-ca
What is -13401 (base 6) in base 15?
-944
-487 (base 11) to base 6
-2403
What is 1b5a (base 14) in base 13?
2361
Convert -20140 (base 10) to base 15.
-5e7a
What is 1000101 (base 2) in base 12?
59
What is 237 (base 11) in base 13?
189
What is -2f6d (base 16) in base 12?
-7039
Convert 10701 (base 8) to base 5.
121140
What is -11011001 (base 2) in base 7?
-430
21310 (base 5) to base 4
112233
-2354 (base 11) to base 13
-1533
Convert 6515 (base 7) to base 15.
a45
What is 1762 (base 13) in base 5?
102320
Convert 226 (base 15) to base 2.
111100110
Convert 1432114 (base 5) to base 3.
1112112122
Convert -15 (base 15) to base 5.
-40
What is 11111101 (base 2) in base 12?
191
1000231 (base 4) to base 5
113031
What is -121201122 (base 3) in base 13?
-5720
Convert -8463 (base 11) to base 13.
-5138
What is 1140 (base 5) in base 15?
b5
Convert 1066 (base 9) to base 6.
3353
Convert 110000 (base 4) to base 7.
3506
What is -1131144 (base 5) in base 3?
-1001112100
What is 3405 (base 8) in base 13?
a83
Convert -128b (base 12) to base 2.
-100001001011
7688 (base 9) to base 6
42125
What is 100101001 (base 2) in base 11?
250
-449 (base 11) to base 12
-389
111 (base 3) to base 12
11
Convert -a9a (base 11) to base 15.
-5ce
10a95 (base 11) to base 15
4ada
17a3b (base 12) to base 14
c715
Convert 4465 (base 7) to base 3.
2012211
2693 (base 12) to base 14
1887
20112102 (base 3) to base 8
11233
What is -10333222 (base 4) in base 14?
-7654
Convert -122021022 (base 3) to base 5.
-400330
Convert -1cf (base 16) to base 15.
-20d
Convert -34ca (base 14) to base 7.
-35543
Convert -60e7 (base 15) to base 12.
-ba17
Convert -1400 (base 11) to base 10.
-1815
1403 (base 7) to base 14
2aa
1354 (base 6) to base 15
18d
What is 100011011111 (base 2) in base 3?
10010010
830 (base 15) to base 2
11100110101
-210 (base 4) to base 10
-36
What is -11010100111111 (base 2) in base 5?
-414011
-38aa (base 11) to base 9
-6865
What is 3657 (base 8) in base 14?
a07
Convert 1532 (base 6) to base 16.
1a0
What is -1504 (base 11) in base 13?
-b63
What is -2320012 (base 4) in base 15?
-3757
-12101122 (base 3) to base 4
-331130
-100021 (base 3) to base 2
-11111010
Convert 1a99 (base 11) to base 14.
d73
What is -11203310 (base 4) in base 13?
-a499
What is -28a (base 13) in base 11?
-381
Convert -2c1 (base 14) to base 16.
-231
Convert 20012222 (base 3) to base 14.
191d
Convert -3644 (base 9) to base 2.
-101010011001
-15c8 (base 16) to base 14
-2064
Convert 64 (base 9) to base 4.
322
Convert 111010110010 (base 2) to base 15.
11ac
What is 100010111 (base 2) in base 4?
10113
-1a9 (base 16) to base 14
-225
What is 1011022010 (base 3) in base 14?
845c
What is -51538 (base 9) in base 11?
-23586
What is 13112 (base 4) in base 13?
2a2
220200200 (base 3) to base 5
1034000
29c (base 13) to base 14
255
-1102 (base 9) to base 10
-812
Convert 25806 (base 11) to base 16.
902f
2410032 (base 5) to base 13
1728a
Convert -1521 (base 9) to base 6.
-5201
2281 (base 16) to base 11
6700
What is 2014 (base 15) in base 5?
204034
-522 (base 6) to base 11
-167
What is 1340 (base 12) in base 15?
9c3
14137 (base 12) to base 4
12302323
-14213 (base 7) to base 14
-15b3
-10010000100 (base 2) to base 4
-102010
Convert -187 (base 15) to base 16.
-160
Convert 4621 (base 9) to base 5.
102141
-1011111011110 (base 2) to base 14
-2326
-a83a (base 12) to base 3
-221100101
Convert 44c (base 16) to base 13.
668
705 (base 8) to base 2
111000101
What is -101214 (base 5) in base 14?
